 number?
False
Is 1039 a composite number?
False
Is 1663 prime?
True
Is 160729 composite?
True
Is 14855 a composite number?
True
Is 589909 a composite number?
True
Is 13739 a composite number?
True
Is 381 prime?
False
Is 32203 a composite number?
False
Is 64249 prime?
False
Is 50207 a composite number?
False
Is 3191 prime?
True
Is 17159 composite?
False
Is 2959 a prime number?
False
Is 8189 prime?
False
Is 131 prime?
True
Is 190415 prime?
False
Is 208027 composite?
True
Is 16141 prime?
True
Is 1534183 prime?
False
Is 60251 prime?
True
Is 4108119 a prime number?
False
Is 259 a composite number?
True
Is 7123 a prime number?
False
Is 24133 a prime number?
True
Is 62539 a prime number?
True
Is 20477 composite?
False
Is 132199 a prime number?
True
Is 221797 a prime number?
True
Is 2624513 a prime number?
True
Is 1259899 composite?
False
Is 5747 a composite number?
True
Is 1693 composite?
False
Is 72151 a composite number?
True
Is 4681 prime?
False
Is 623399 composite?
True
Is 895411 prime?
False
Is 14998 prime?
False
Is 17093 prime?
True
Is 33727 a composite number?
True
Is 4686655 a composite number?
True
Is 13403 composite?
True
Is 1028839 a composite number?
True
Is 3119 prime?
True
Is 157903 prime?
False
Is 7871 a prime number?
False
Is 18661 a composite number?
False
Is 14923 composite?
False
Is 25043 a prime number?
False
Is 745 prime?
False
Is 399445 composite?
True
Is 145801 a prime number?
False
Is 153191 a prime number?
True
Is 143069 a composite number?
True
Is 375241 a composite number?
True
Is 122217 a prime number?
False
Is 15727 composite?
False
Is 479 a composite number?
False
Is 145217 composite?
True
Is 113357 prime?
True
Is 144023 a composite number?
True
Is 114857 a composite number?
True
Is 47065 composite?
True
Is 1289831 composite?
False
Is 1143161 prime?
True
Is 249943 composite?
False
Is 17569 a composite number?
False
Is 197045 composite?
True
Is 38105 composite?
True
Is 37085 a prime number?
False
Is 26839 a composite number?
False
Is 4583 prime?
True
Is 18101 composite?
True
Is 115 a composite number?
True
Is 51031 a composite number?
False
Is 719 prime?
True
Is 24159 prime?
False
Is 97103 prime?
True
Is 23527 a composite number?
True
Is 889 a composite number?
True
Is 122831 a prime number?
False
Is 346 a composite number?
True
Is 55949 prime?
True
Is 384099 a prime number?
False
Is 1982 a composite number?
True
Is 12013 composite?
True
Is 342883 composite?
True
Is 53437 a prime number?
True
Is 4421 prime?
True
Is 5539 composite?
True
Is 1801 prime?
True
Is 47401 a prime number?
False
Is 19651 prime?
False
Is 1868333 a prime number?
True
Is 58538 a prime number?
False
Is 20411 composite?
False
Is 623 a prime number?
False
Is 24499 a prime number?
True
Is 4177 a prime number?
True
Is 2039 prime?
True
Is 126941 prime?
False
Is 3163 composite?
False
Is 259 a composite number?
True
Is 9347 prime?
False
Is 1857577 a composite number?
False
Is 2668829 composite?
False
Is 38774 a prime number?
False
Is 230647 a prime number?
True
Is 102829 a prime number?
True
Is 57586 a composite number?
True
Is 12227 a composite number?
False
Is 4987 composite?
False
Is 650347 a prime number?
True
Is 316127 composite?
True
Is 22901 composite?
False
Is 1639 prime?
False
Is 89413 a prime number?
True
Is 96953 a composite number?
False
Is 574051 composite?
False
Is 4721 a prime number?
True
Is 6767 a prime number?
False
Is 6521 a composite number?
False
Is 916441 prime?
True
Is 21269 a composite number?
False
Is 9886 a composite number?
True
Is 2105809 a composite number?
False
Is 1136371 a composite number?
True
Is 843527 composite?
False
Is 1257843 a prime number?
False
Is 124277 prime?
True
Is 272863 composite?
False
Is 305741 prime?
True
Is 1856279 prime?
False
Is 629315 prime?
False
Is 310647 prime?
False
Is 8717 a composite number?
True
Is 5563 a composite number?
False
Is 69953 a composite number?
True
Is 100831 prime?
False
Is 299357 composite?
False
Is 36293 prime?
True
Is 222557 prime?
True
Is 328171 a prime number?
True
Is 36709 a prime number?
True
Is 460531 composite?
False
Is 16049 a prime number?
False
Is 24499 a composite number?
False
Is 17023 a prime number?
False
Is 27239 prime?
True
Is 947821 a composite number?
True
Is 71411 a prime number?
True
Is 64399 prime?
True
Is 991367 composite?
True
Is 9557 a composite number?
True
Is 611791 a prime number?
True
Is 3109 a prime number?
True
Is 1706 composite?
True
Is 300571 a composite number?
True
Is 150341 a composite number?
True
Is 186767 composite?
True
Is 324686 composite?
True
Is 32002 prime?
False
Is 926351 a composite number?
False
Is 1657 a prime number?
True
Is 73519 prime?
False
Is 19031 a prime number?
True
Is 9767 a prime number?
True
Is 135557 composite?
True
Is 14591 a composite number?
False
Is 745471 prime?
True
Is 898 prime?
False
Is 307069 composite?
True
Is 1462451 prime?
False
Is 100631 a composite number?
True
Is 156053 composite?
True
Is 350209 composite?
True
Is 10771 a composite number?
False
Is 22147 composite?
False
Is 65789 a prime number?
True
Is 157387 a prime number?
False
Is 40739 a prime number?
True
Is 661603 prime?
True
Is 261379 prime?
True
Is 674281 a composite number?
True
Is 1759 a prime number?
True
Is 236339 composite?
False
Is 274238 a composite number?
True
Is 30019 composite?
True
Is 1042931 prime?
True
Is 7663 composite?
True
Is 139861 composite?
False
Is 50621 a composite number?
True
Is 1549751 prime?
False
Is 347 prime?
True
Is 59509 a prime number?
True
Is 55579 a prime number?
True
Is 87319 a prime number?
False
Is 410617 a composite number?
False
Is 7167 a prime number?
False
Is 15689 a prime number?
False
Is 24169 a composite number?
False
Is 128543 a composite number?
True
Is 223589 a composite number?
False
Is 247691 prime?
True
Is 204657 a prime number?
False
Is 27611 prime?
True
Is 84943 a composite number?
True
Is 2951 a composite number?
True
Is 51139 a prime number?
False
Is 1164287 prime?
True
Is 287537 prime?
True
Is 82595 composite?
True
Is 35018 a prime number?
False
Is 459659 composite?
True
Is 3163 composite?
False
Is 197603 prime?
False
Is 127787 prime?
False
Is 18943 a composite number?
True
Is 163061 prime?
True
Is 40693 a prime number?
True
Is 401507 prime?
True
Is 455591 a prime number?
False
Is 27443 prime?
False
Is 718739 a composite number?
True
Is 4831 composite?
False
Is 36029 prime?
False
Is 13535 a composite number?
True
Is 2657 a composite number?
False
Is 13367 composite?
False
Is 209431 a prime number?
True
Is 187679 composite?
True
Is 56519 a prime number?
True
Is 269413 a composite number?
False
Is 267959 a composite number?
False
Is 116555 composite?
True
Is 398659 a composite number?
True
Is 2927 composite?
False
Is 80821 prime?
False
Is 1236161 a composite number?
False
Is 1639 a composite number?
True
Is 32411 composite?
False
Is 235 composite?
True
Is 10327 prime?
False
Is 101771 a composite number?
False
Is 293285 a prime number?
False
Is 1237439 prime?
False
Is 134941 prime?
False
Is 263 prime?
True
Is 496411 a composite number?
True
Is 983261 a prime number?
True
Is 2652367 a prime number?
True
Is 319351 composite?
False
Is 93511 a composite number?
True
Is 326251 prime?
True
Is 54433 composite?
True
Is 6113 a prime number?
True
Is 12893 prime?
True
Is 3407 a composite number?
False
Is 6103 a prime number?
False
Is 48713 a prime number?
False
Is 33361 a composite number?
True
Is 80419 prime?
False
Is 19977 a composite number?
True
Is 8223 composite?
True
Is 36731 a prime number?
False
Is 3042553 composite?
False
Is 3389 a prime number?
True
Is 17453 composite?
True
Is 14243 a composite number?
False
Is 839 a prime number?
True
Is 11463 prime?
False
Is 15391 composite?
False
Is 15581 composite?
False
Is 5311 a composite number?
True
Is 16009 a prime number?
False
Is 154867 composite?
True
Is 5129 a prime number?
False
Is 6247 a prime number?
True
Is 3179717 a composite number?
False
Is 441517 a composite number?
False
Is 17707 a composite number?
False
Is 311981 composite?
False
Is 309359 composite?
False
Is 722519 a composite number?
True
Is 16145 composite?
True
Is 22147 a composite number?
False
Is 705263 a composite number?
True
Is 656099 a composite number?
True
Is 237399 a prime num